7
List the prime factors of 360578.
2, 180289
List the prime factors of 3056186.
2, 7, 419, 521
What are the prime factors of 6289?
19, 331
What are the prime factors of 1056631?
59, 17909
List the prime factors of 155653.
155653
What are the prime factors of 17417872?
2, 1088617
List the prime factors of 266736.
2, 3, 5557
What are the prime factors of 174940?
2, 5, 8747
What are the prime factors of 65279?
29, 2251
List the prime factors of 16786674.
2, 3, 932593
What are the prime factors of 4572044?
2, 173, 6607
List the prime factors of 2175602.
2, 11, 13, 7607
List the prime factors of 16433635.
5, 167, 19681
List the prime factors of 1793936.
2, 112121
List the prime factors of 10110588.
2, 3, 31, 27179
List the prime factors of 465784.
2, 11, 67, 79
What are the prime factors of 268824?
2, 3, 23, 487
List the prime factors of 279901.
113, 2477
List the prime factors of 6499427.
11, 349, 1693
List the prime factors of 616696.
2, 157, 491
List the prime factors of 836713.
836713
What are the prime factors of 1452217?
13, 661
List the prime factors of 179301.
3, 59, 1013
List the prime factors of 2723212.
2, 680803
List the prime factors of 4061137.
4061137
List the prime factors of 678755.
5, 7, 11, 41, 43
What are the prime factors of 2022997?
1291, 1567
What are the prime factors of 12120249?
3, 4040083
List the prime factors of 457045.
5, 17, 19, 283
What are the prime factors of 4918058?
2, 2459029
List the prime factors of 91232.
2, 2851
What are the prime factors of 1659146?
2, 349, 2377
What are the prime factors of 338991?
3, 112997
List the prime factors of 2751448.
2, 7, 7019
What are the prime factors of 2230739?
7, 318677
What are the prime factors of 5363079?
3, 727, 2459
List the prime factors of 1393654.
2, 696827
List the prime factors of 290951.
131, 2221
What are the prime factors of 24030673?
17, 31, 45599
What are the prime factors of 8151380?
2, 5, 19, 1129
What are the prime factors of 1337691?
3, 127, 3511
What are the prime factors of 1873414?
2, 179, 5233
What are the prime factors of 21729037?
11, 1975367
What are the prime factors of 280001?
280001
List the prime factors of 205623.
3, 11, 31, 67
List the prime factors of 2742595.
5, 548519
List the prime factors of 421366.
2, 11, 107, 179
What are the prime factors of 8326380?
2, 3, 5, 73, 1901
List the prime factors of 64438.
2, 11, 29, 101
What are the prime factors of 2621774?
2, 17, 29, 2659
What are the prime factors of 1127036?
2, 31, 61, 149
What are the prime factors of 998312?
2, 7, 17827
What are the prime factors of 382869?
3, 19, 2239
What are the prime factors of 1673289?
3, 89, 2089
List the prime factors of 4791117.
3, 1597039
List the prime factors of 2196212.
2, 619, 887
List the prime factors of 180298.
2, 90149
What are the prime factors of 561188?
2, 140297
What are the prime factors of 632568?
2, 3, 26357
List the prime factors of 33034.
2, 83, 199
List the prime factors of 2360378.
2, 37, 167, 191
What are the prime factors of 3639197?
3639197
What are the prime factors of 142267?
113, 1259
What are the prime factors of 260746?
2, 17, 7669
List the prime factors of 161797.
137, 1181
What are the prime factors of 616591?
647, 953
What are the prime factors of 15396579?
3, 11, 155521
List the prime factors of 211423.
113, 1871
List the prime factors of 3095478.
2, 3, 23, 7477
What are the prime factors of 344087?
47, 7321
List the prime factors of 25276014.
2, 3, 1063, 1321
What are the prime factors of 2528069?
2528069
List the prime factors of 5936972.
2, 1484243
What are the prime factors of 4098762?
2, 3, 25301
What are the prime factors of 174982?
2, 87491
List the prime factors of 3726487.
1789, 2083
List the prime factors of 2262174.
2, 3, 29, 13001
List the prime factors of 144335.
5, 28867
What are the prime factors of 4049381?
7, 578483
List the prime factors of 541087.
541087
What are the prime factors of 6956996?
2, 479, 3631
What are the prime factors of 337316?
2, 7, 1721
List the prime factors of 609356.
2, 11, 1259
What are the prime factors of 478985?
5, 13, 7369
What are the prime factors of 748622?
2, 7, 7639
What are the prime factors of 20498084?
2, 5124521
List the prime factors of 102206.
2, 13, 3931
What are the prime factors of 187239?
3, 13, 4801
List the prime factors of 173693.
13, 31, 431
List the prime factors of 1054677.
3, 13, 27043
List the prime factors of 3147409.
181, 17389
What are the prime factors of 43791?
3, 11, 1327
List the prime factors of 4513815.
3, 5, 37, 2711
What are the prime factors of 242453?
242453
What are the prime factors of 115493?
7, 2357
List the prime factors of 37684943.
907, 41549
What are the prime factors of 2502513?
3, 13, 73, 293
What are the prime factors of 100026?
2, 3, 5557
What are the prime factors of 1440981?
3, 29, 5521
List the prime factors of 3803004.
2, 3, 23, 1531
List the prime factors of 1346951.
1346951
What are the prime factors of 191519?
191519
What are the prime factors of 1338996?
2, 3, 241, 463
What are the prime factors of 366207?
3, 122069
List the prime factors of 4664801.
4664801
What are the prime factors of 110688?
2, 3, 1153
What are the prime factors of 5074705?
5, 1014941
List the prime factors of 1121890.
2, 5, 7, 11, 31, 47
List the prime factors of 75293.
17, 43, 103
List the prime factors of 23052424.
2, 89, 32377
What are the prime factors of 216507?
3, 72169
List the prime factors of 41158756.
2, 10289689
List the prime factors of 526680.
2, 3, 5, 7, 11, 19
What are the prime factors of 364623?
3, 7, 97, 179
List the prime factors of 538851.
3, 53, 3389
List the prime factors of 1303526.
2, 7, 17, 5477
What are the prime factors of 1685447?
1685447
What are the prime factors of 26333?
17, 1549
List the prime factors of 696005.
5, 139201
What are the prime factors of 14183251?
293, 48407
List the prime factors of 963942.
2, 3, 7, 59, 389
List the prime factors of 226700.
2, 5, 2267
List the prime factors of 7670051.
31, 247421
List the prime factors of 17898834.
2, 3, 2983139
What are the prime factors of 1821719?
241, 7559
List the prime factors of 200931.
3, 66977
What are the prime factors of 2163163?
2163163
List the prime factors of 323530.
2, 5, 32353
List the prime factors of 200087.
200087
List the prime factors of 4621634.
2, 271, 8527
What are the prime factors of 1686411?
3, 187379
What are the prime factors of 4589739?
3, 7, 11, 37, 179
List the prime factors of 1837672.
2, 29, 89
List the prime factors of 4038725.
5, 73, 2213
List the prime factors of 254852.
2, 13, 29
What are the prime factors of 440484?
2, 3, 11, 47, 71
List the prime factors of 6820800.
2, 3, 5, 7, 29
List the prime factors of 73893.
3, 24631
What are the prime factors of 27488?
2, 859
What are the prime factors of 1435845?
3, 5, 95723
What are the prime factors of 811177?
31, 137, 191
List the prime factors of 5940350.
2, 5, 13, 19, 37
What are the prime factors of 16001576?
2, 1283, 1559
List the prime factors of 1414135.
5, 282827
What are the prime factors of 6502362?
2, 3, 151, 7177
List the prime factors of 116173.
23, 5051
What are the prime factors of 2475575?
5, 99023
List the prime factors of 2608492.
2, 29, 113, 199
List the prime factors of 264440.
2, 5, 11, 601
What are the prime factors of 43578?
2, 3, 269
List the prime factors of 2465522.
2, 29, 42509
List the prime factors of 876700.
2, 5, 11, 797
List the prime factors of 149614.
2, 239, 313
List the prime factors of 4569618.
2, 3, 761603
What are the prime factors of 472325?
5, 7, 2699
What are the prime factors of 492604?
2, 7, 73, 241
List the prime factors of 639142.
2, 7, 71, 643
What are the prime factors of 20427274?
2, 7, 1459091
List the prime factors of 439894.
2, 7, 13, 2417
What are the prime factors of 2000714?
2, 1000357
List the prime factors of 847309.
847309
What are the prime factors of 502989?
3, 167663
What are the prime factors of 89444?
2, 59, 379
List the prime factors of 24788427.
3, 8262809
List the prime factors of 1268327.
1268327
What are the prime factors of 934975?
5, 149, 251
List the prime factors of 21349.
37, 577
List the prime factors of 2245009.
13, 59, 2927
List the prime factors of 2697453.
3, 11, 2477
What are the prime factors of 35446?
2, 37, 47